{"id":46,"date":"2016-02-28T20:56:43","date_gmt":"2016-02-28T19:56:43","guid":{"rendered":"https:\/\/www.psychotherapie-krueger.de\/wordpress\/?page_id=46"},"modified":"2022-08-22T08:41:37","modified_gmt":"2022-08-22T06:41:37","slug":"angststoerungen","status":"publish","type":"page","link":"https:\/\/www.psychotherapie-krueger.de\/?page_id=46","title":{"rendered":"Angstst\u00f6rungen"},"content":{"rendered":"\t\t<div data-elementor-type=\"wp-page\" data-elementor-id=\"46\" class=\"elementor elementor-46\">\n\t\t\t\t\t\t\t\t\t<section class=\"elementor-section elementor-top-section elementor-element elementor-element-56695a elementor-section-height-min-height elementor-section-boxed elementor-section-height-default elementor-section-items-middle\" data-id=\"56695a\" data-element_type=\"section\" data-settings=\"{&quot;background_background&quot;:&quot;classic&quot;}\">\n\t\t\t\t\t\t<div class=\"elementor-container elementor-column-gap-default\">\n\t\t\t\t\t<div class=\"elementor-column elementor-col-100 elementor-top-column elementor-element elementor-element-12a81e31\" data-id=\"12a81e31\" data-element_type=\"column\">\n\t\t\t<div class=\"elementor-widget-wrap\">\n\t\t\t\t\t\t\t\t\t<\/div>\n\t\t<\/div>\n\t\t\t\t\t\t\t<\/div>\n\t\t<\/section>\n\t\t\t\t<section class=\"elementor-section elementor-top-section elementor-element elementor-element-b96273c elementor-section-boxed elementor-section-height-default elementor-section-height-default\" data-id=\"b96273c\" data-element_type=\"section\">\n\t\t\t\t\t\t<div class=\"elementor-container elementor-column-gap-default\">\n\t\t\t\t\t<div class=\"elementor-column elementor-col-100 elementor-top-column elementor-element elementor-element-cfeb5c4\" data-id=\"cfeb5c4\" data-element_type=\"column\">\n\t\t\t<div class=\"elementor-widget-wrap elementor-element-populated\">\n\t\t\t\t\t\t\t\t<div class=\"elementor-element elementor-element-705cd63 elementor-widget elementor-widget-spacer\" data-id=\"705cd63\" data-element_type=\"widget\" data-widget_type=\"spacer.default\">\n\t\t\t\t<div class=\"elementor-widget-container\">\n\t\t\t<style>\/*! elementor - v3.11.5 - 14-03-2023 *\/\n.elementor-column .elementor-spacer-inner{height:var(--spacer-size)}.e-con{--container-widget-width:100%}.e-con-inner>.elementor-widget-spacer,.e-con>.elementor-widget-spacer{width:var(--container-widget-width,var(--spacer-size));--align-self:var(--container-widget-align-self,initial);--flex-shrink:0}.e-con-inner>.elementor-widget-spacer>.elementor-widget-container,.e-con-inner>.elementor-widget-spacer>.elementor-widget-container>.elementor-spacer,.e-con>.elementor-widget-spacer>.elementor-widget-container,.e-con>.elementor-widget-spacer>.elementor-widget-container>.elementor-spacer{height:100%}.e-con-inner>.elementor-widget-spacer>.elementor-widget-container>.elementor-spacer>.elementor-spacer-inner,.e-con>.elementor-widget-spacer>.elementor-widget-container>.elementor-spacer>.elementor-spacer-inner{height:var(--container-widget-height,var(--spacer-size))}<\/style>\t\t<div class=\"elementor-spacer\">\n\t\t\t<div class=\"elementor-spacer-inner\"><\/div>\n\t\t<\/div>\n\t\t\t\t<\/div>\n\t\t\t\t<\/div>\n\t\t\t\t\t<\/div>\n\t\t<\/div>\n\t\t\t\t\t\t\t<\/div>\n\t\t<\/section>\n\t\t\t\t<section class=\"elementor-section elementor-top-section elementor-element elementor-element-be63873 elementor-section-boxed elementor-section-height-default elementor-section-height-default\" data-id=\"be63873\" data-element_type=\"section\">\n\t\t\t\t\t\t<div class=\"elementor-container elementor-column-gap-default\">\n\t\t\t\t\t<div class=\"elementor-column elementor-col-100 elementor-top-column elementor-element elementor-element-aa0bac4\" data-id=\"aa0bac4\" data-element_type=\"column\">\n\t\t\t<div class=\"elementor-widget-wrap elementor-element-populated\">\n\t\t\t\t\t\t\t\t<div class=\"elementor-element elementor-element-72136f5 elementor-widget elementor-widget-heading\" data-id=\"72136f5\" data-element_type=\"widget\" data-widget_type=\"heading.default\">\n\t\t\t\t<div class=\"elementor-widget-container\">\n\t\t\t<style>\/*! elementor - v3.11.5 - 14-03-2023 *\/\n.elementor-heading-title{padding:0;margin:0;line-height:1}.elementor-widget-heading .elementor-heading-title[class*=elementor-size-]>a{color:inherit;font-size:inherit;line-height:inherit}.elementor-widget-heading .elementor-heading-title.elementor-size-small{font-size:15px}.elementor-widget-heading .elementor-heading-title.elementor-size-medium{font-size:19px}.elementor-widget-heading .elementor-heading-title.elementor-size-large{font-size:29px}.elementor-widget-heading .elementor-heading-title.elementor-size-xl{font-size:39px}.elementor-widget-heading .elementor-heading-title.elementor-size-xxl{font-size:59px}<\/style><h1 class=\"elementor-heading-title elementor-size-default\">Angstst\u00f6rungen<\/h1>\t\t<\/div>\n\t\t\t\t<\/div>\n\t\t\t\t\t<\/div>\n\t\t<\/div>\n\t\t\t\t\t\t\t<\/div>\n\t\t<\/section>\n\t\t\t\t<section class=\"elementor-section elementor-top-section elementor-element elementor-element-4181df04 elementor-section-boxed elementor-section-height-default elementor-section-height-default\" data-id=\"4181df04\" data-element_type=\"section\">\n\t\t\t\t\t\t<div class=\"elementor-container elementor-column-gap-default\">\n\t\t\t\t\t<div class=\"elementor-column elementor-col-100 elementor-top-column elementor-element elementor-element-4c80cbf0\" data-id=\"4c80cbf0\" data-element_type=\"column\">\n\t\t\t<div class=\"elementor-widget-wrap elementor-element-populated\">\n\t\t\t\t\t\t\t\t<div class=\"elementor-element elementor-element-3aa2e3ea elementor-widget elementor-widget-text-editor\" data-id=\"3aa2e3ea\" data-element_type=\"widget\" data-widget_type=\"text-editor.default\">\n\t\t\t\t<div class=\"elementor-widget-container\">\n\t\t\t<style>\/*! elementor - v3.11.5 - 14-03-2023 *\/\n.elementor-widget-text-editor.elementor-drop-cap-view-stacked .elementor-drop-cap{background-color:#818a91;color:#fff}.elementor-widget-text-editor.elementor-drop-cap-view-framed .elementor-drop-cap{color:#818a91;border:3px solid;background-color:transparent}.elementor-widget-text-editor:not(.elementor-drop-cap-view-default) .elementor-drop-cap{margin-top:8px}.elementor-widget-text-editor:not(.elementor-drop-cap-view-default) .elementor-drop-cap-letter{width:1em;height:1em}.elementor-widget-text-editor .elementor-drop-cap{float:left;text-align:center;line-height:1;font-size:50px}.elementor-widget-text-editor .elementor-drop-cap-letter{display:inline-block}<\/style>\t\t\t\t<div><div id=\"imCell_1\" class=\"imGrid[0, 1]\"><div id=\"imCellStyle_1\"><div id=\"imTextObject_1\"><p><span class=\"ff2 cf0 fs18\">Bei den Angstst\u00f6rungen unterscheidet man zwischen Phobien, Panikst\u00f6rung und Generalisierter Angstst\u00f6rung.<\/span><\/p><p><strong>Phobien<\/strong><br \/>Bei den Phobien gibt es folgende Untergruppen:<\/p><ul><li><span class=\"fs18 ff2 cf0\"><strong>Agoraphobie<\/strong><br \/><\/span><span class=\"fs18 ff2 cf0\">Der Betroffene hat Angst vor mindestens zwei der folgenden Situationen:<\/span><br \/><span class=\"ff2 cf0 fs18\">&#8211; sich in Menschenmengen zu befinden<\/span><br \/><span class=\"ff2 cf0 fs18\">&#8211; sich auf \u00f6ffentlichen Pl\u00e4tzen zu befinden<\/span><br \/><span class=\"ff2 cf0 fs18\">&#8211; sich bei Reisen mit weiter Entfernung von zuhause oder bei Reisen alleine zu befinden<\/span><\/li><\/ul><p><span class=\"ff2 cf0 fs18\"><br \/>Die angstausl\u00f6senden Situationen werden vom Betroffenen gemieden oder nur mit gro\u00dfer Angst ertragen.<br \/><\/span><\/p><ul><li><span class=\"fs18 ff2 cf0\"><strong>soziale Phobie<br \/><\/strong><\/span><span class=\"fs18 ff2 cf0\">Der Betroffene hat Angst in sozialen Situationen, z.B. im Mittelpunkt stehen, vor anderen reden, vor anderen essen, vor anderen schreiben. Die Angst bezieht sich meist darauf sich in den Augen anderer peinlich zu verhalten oder von anderen kritisiert zu werden. Eine soziale Phobie liegt nur dann vor, wenn die angstausl\u00f6senden Situationen vermieden werden, bzw. versucht wird die Situationen zu vermeiden.<br \/><br \/><\/span><\/li><li><span class=\"fs18 ff2 cf0\"><strong>spezifische Phobie<br \/><\/strong><\/span><span class=\"fs18 ff2 cf0\">Hierbei handelt es sich um Phobien, die auf ganz spezifische Situationen beschr\u00e4nkt sind, z.B. bestimmte Tiere\/Insekten, H\u00f6hen, Donner, Dunkelheit, Fliegen, geschlossene R\u00e4ume, Arztbesuch, Anblick von Blut oder Verletzungen usw. Eine spezifische Phobie liegt nur dann vor, wenn die angstausl\u00f6sende Situation vermieden wird, bzw. versucht wird, die Situation zu vermeiden.<br \/><\/span><\/li><\/ul><\/div><\/div><\/div><\/div>\t\t\t\t\t\t<\/div>\n\t\t\t\t<\/div>\n\t\t\t\t\t<\/div>\n\t\t<\/div>\n\t\t\t\t\t\t\t<\/div>\n\t\t<\/section>\n\t\t\t\t<section class=\"elementor-section elementor-top-section elementor-element elementor-element-378d038 elementor-section-boxed elementor-section-height-default elementor-section-height-default\" data-id=\"378d038\" data-element_type=\"section\">\n\t\t\t\t\t\t<div class=\"elementor-container elementor-column-gap-default\">\n\t\t\t\t\t<div class=\"elementor-column elementor-col-100 elementor-top-column elementor-element elementor-element-db539b1\" data-id=\"db539b1\" data-element_type=\"column\">\n\t\t\t<div class=\"elementor-widget-wrap elementor-element-populated\">\n\t\t\t\t\t\t\t\t<div class=\"elementor-element elementor-element-6183722 elementor-widget elementor-widget-spacer\" data-id=\"6183722\" data-element_type=\"widget\" data-widget_type=\"spacer.default\">\n\t\t\t\t<div class=\"elementor-widget-container\">\n\t\t\t\t\t<div class=\"elementor-spacer\">\n\t\t\t<div class=\"elementor-spacer-inner\"><\/div>\n\t\t<\/div>\n\t\t\t\t<\/div>\n\t\t\t\t<\/div>\n\t\t\t\t\t<\/div>\n\t\t<\/div>\n\t\t\t\t\t\t\t<\/div>\n\t\t<\/section>\n\t\t\t\t\t\t\t<\/div>\n\t\t","protected":false},"excerpt":{"rendered":"<p>Angstst\u00f6rungen Bei den Angstst\u00f6rungen unterscheidet man zwischen Phobien, Panikst\u00f6rung und Generalisierter Angstst\u00f6rung. PhobienBei den Phobien gibt es folgende Untergruppen: AgoraphobieDer Betroffene hat Angst vor mindestens zwei der folgenden Situationen:&#8211; sich in Menschenmengen zu befinden&#8211; sich auf \u00f6ffentlichen Pl\u00e4tzen zu befinden&#8211; sich bei Reisen mit weiter Entfernung von zuhause oder bei Reisen alleine zu befinden Die [&hellip;]<\/p>\n","protected":false},"author":1,"featured_media":0,"parent":0,"menu_order":0,"comment_status":"closed","ping_status":"closed","template":"","meta":{"footnotes":""},"class_list":["post-46","page","type-page","status-publish","hentry"],"_links":{"self":[{"href":"https:\/\/www.psychotherapie-krueger.de\/index.php?rest_route=\/wp\/v2\/pages\/46","targetHints":{"allow":["GET"]}}],"collection":[{"href":"https:\/\/www.psychotherapie-krueger.de\/index.php?rest_route=\/wp\/v2\/pages"}],"about":[{"href":"https:\/\/www.psychotherapie-krueger.de\/index.php?rest_route=\/wp\/v2\/types\/page"}],"author":[{"embeddable":true,"href":"https:\/\/www.psychotherapie-krueger.de\/index.php?rest_route=\/wp\/v2\/users\/1"}],"replies":[{"embeddable":true,"href":"https:\/\/www.psychotherapie-krueger.de\/index.php?rest_route=%2Fwp%2Fv2%2Fcomments&post=46"}],"version-history":[{"count":10,"href":"https:\/\/www.psychotherapie-krueger.de\/index.php?rest_route=\/wp\/v2\/pages\/46\/revisions"}],"predecessor-version":[{"id":337,"href":"https:\/\/www.psychotherapie-krueger.de\/index.php?rest_route=\/wp\/v2\/pages\/46\/revisions\/337"}],"wp:attachment":[{"href":"https:\/\/www.psychotherapie-krueger.de\/index.php?rest_route=%2Fwp%2Fv2%2Fmedia&parent=46"}],"curies":[{"name":"wp","href":"https:\/\/api.w.org\/{rel}","templated":true}]}}